{"id":11460,"date":"2018-03-23T17:22:51","date_gmt":"2018-03-23T16:22:51","guid":{"rendered":"https:\/\/neu.welten-verbinden.at\/?page_id=11460"},"modified":"2018-03-27T12:06:07","modified_gmt":"2018-03-27T10:06:07","slug":"impressum","status":"publish","type":"page","link":"https:\/\/www.welten-verbinden.at\/start2018\/impressum\/","title":{"rendered":"Impressum"},"content":{"rendered":"<p><div class=\"fusion-fullwidth fullwidth-box fusion-builder-row-1 nonhundred-percent-fullwidth non-hundred-percent-height-scrolling\" style=\"background-color: #ffffff;background-position: center center;background-repeat: no-repeat;padding-top:0px;padding-right:0px;padding-bottom:0px;padding-left:0px;margin-bottom: 0px;margin-top: 0px;border-width: 0px 0px 0px 0px;border-color:#eae9e9;border-style:solid;\" ><div class=\"fusion-builder-row fusion-row\"><div class=\"fusion-layout-column fusion_builder_column fusion-builder-column-0 fusion_builder_column_2_3 2_3 fusion-two-third fusion-column-first\" style=\"width:66.666666666667%;width:calc(66.666666666667% - ( ( 4% ) * 0.66666666666667 ) );margin-right: 4%;margin-top:0px;margin-bottom:20px;\"><div class=\"fusion-column-wrapper fusion-flex-column-wrapper-legacy\" style=\"background-position:left top;background-repeat:no-repeat;-webkit-background-size:cover;-moz-background-size:cover;-o-background-size:cover;background-size:cover;padding: 0px 0px 0px 0px;\"><div class=\"fusion-text fusion-text-1\"><h1><b>Impressum<\/b><\/h1>\n<h2><b>Medieninhaber und Copyright dieser Website:<\/b><\/h2>\n<h3><b>Roland Jaritz<\/b><\/h3>\n<p>Lexergasse 6 | 9020 Klagenfurt\u00a0am W\u00f6rthersee<\/p>\n<p>Roland Jaritz: +43(0)664 \/20 52 685<\/p>\n<p>e-mail:<a href=\"mailto:roland.jaritz@welten-verbinden.at?subject=\">roland.jaritz@welten-verbinden.at<\/a><\/p>\n<h3><\/h3>\n<h3><\/h3>\n<\/div><div class=\"fusion-clearfix\"><\/div><\/div><\/div><div class=\"fusion-layout-column fusion_builder_column fusion-builder-column-1 fusion_builder_column_1_3 1_3 fusion-one-third fusion-column-last\" style=\"width:33.333333333333%;width:calc(33.333333333333% - ( ( 4% ) * 0.33333333333333 ) );margin-top:0px;margin-bottom:20px;\"><div class=\"fusion-column-wrapper fusion-flex-column-wrapper-legacy\" style=\"background-position:left top;background-repeat:no-repeat;-webkit-background-size:cover;-moz-background-size:cover;-o-background-size:cover;background-size:cover;padding: 0px 0px 0px 0px;\"><span class=\" fusion-imageframe imageframe-none imageframe-1 hover-type-none\"><img width=\"1024\" image_height=\"645\" image_id=\"11053\" title=\"welten-verbinden_-Logo01\" src=\"https:\/\/neu.welten-verbinden.at\/wp-content\/uploads\/2018\/03\/welten-verbinden_-Logo01-1024x645.png\" class=\"img-responsive wp-image-11053\" srcset=\"https:\/\/www.welten-verbinden.at\/wp-content\/uploads\/2018\/03\/welten-verbinden_-Logo01-200x126.png 200w, https:\/\/www.welten-verbinden.at\/wp-content\/uploads\/2018\/03\/welten-verbinden_-Logo01-400x252.png 400w, https:\/\/www.welten-verbinden.at\/wp-content\/uploads\/2018\/03\/welten-verbinden_-Logo01-600x378.png 600w, https:\/\/www.welten-verbinden.at\/wp-content\/uploads\/2018\/03\/welten-verbinden_-Logo01-800x504.png 800w, https:\/\/www.welten-verbinden.at\/wp-content\/uploads\/2018\/03\/welten-verbinden_-Logo01-1200x756.png 1200w, https:\/\/www.welten-verbinden.at\/wp-content\/uploads\/2018\/03\/welten-verbinden_-Logo01.png 1922w\" sizes=\"(max-width: 800px) 100vw, 400px\" \/><\/span><div class=\"fusion-clearfix\"><\/div><\/div><\/div><div class=\"fusion-layout-column fusion_builder_column fusion-builder-column-2 fusion_builder_column_1_1 1_1 fusion-one-full fusion-column-first fusion-column-last\" style=\"margin-top:0px;margin-bottom:20px;\"><div class=\"fusion-column-wrapper fusion-flex-column-wrapper-legacy\" style=\"background-position:left top;background-repeat:no-repeat;-webkit-background-size:cover;-moz-background-size:cover;-o-background-size:cover;background-size:cover;padding: 0px 0px 0px 0px;\"><div class=\"fusion-sep-clear\"><\/div><div class=\"fusion-separator fusion-full-width-sep\" style=\"margin-left: auto;margin-right: auto;width:100%;\"><div class=\"fusion-separator-border sep-single sep-solid\" style=\"border-color:#e0dede;border-top-width:1px;\"><\/div><\/div><div class=\"fusion-sep-clear\"><\/div><div class=\"fusion-text fusion-text-2\"><h3><b>Herzlich willkommen!\u00a0<\/b><\/h3>\n<p>Ich freue mich, dass Sie meine Webseite besuchen und bedanke mich f\u00fcr Ihr Interesse. Der Schutz Ihrer Privatsph\u00e4re bei der Nutzung der Webseiten ist mir wichtig. Daher nehmen Sie bitte nachstehende Informationen zur Kenntnis:<\/p>\n<h4><b>Externe Links<\/b><\/h4>\n<p>Zu Ihrer weiteren Information finden Sie auf diesen Seiten Links, die auf Seiten Dritter verweisen. Soweit diese nicht offensichtlich erkennbar sind, weise ich Sie darauf hin, dass es sich um einen externen Link handelt.\u00a0Ich habe keinerlei Einfluss auf den Inhalt und die Gestaltung dieser Seiten anderer Anbieter. Es handelt sich um bewusst gew\u00e4hlte Seiten und Inhalte, zu denen ich zum Zeitpunkt der Ver\u00f6ffentlichung des Links auf meinen Seiten uneingeschr\u00e4nkt stehe. Die Garantien der oben gegeben Datenschutzerkl\u00e4rung k\u00f6nnen dort jedoch nicht gelten.<\/p>\n<h4><b>Haftungsausschluss<\/b><\/h4>\n<p>Ich \u00fcbernehme keine Gew\u00e4hr f\u00fcr die Aktualit\u00e4t, Korrektheit, Vollst\u00e4ndigkeit oder Qualit\u00e4t der bereitgestellten Informationen. Haftungsanspr\u00fcche gegen mich, welche sich auf Sch\u00e4den materieller oder ideeller Art beziehen, die durch die Nutzung oder Nichtnutzung der dargebotenen Informationen bzw. durch die Nutzung fehlerhafter und unvollst\u00e4ndiger Informationen verursacht wurden, sind grunds\u00e4tzlich ausgeschlossen.<\/p>\n<h4><b>F\u00fcr den Inhalt verantwortlich &amp; Copyright \u00a9 2017<\/b><\/h4>\n<p><b>Roland Jaritz<\/b><\/p>\n<p>Alle Rechte vorbehalten.<\/p>\n<\/div><div class=\"fusion-sep-clear\"><\/div><div class=\"fusion-separator fusion-full-width-sep\" style=\"margin-left: auto;margin-right: auto;width:100%;\"><div class=\"fusion-separator-border sep-single sep-solid\" style=\"border-color:#e0dede;border-top-width:1px;\"><\/div><\/div><div class=\"fusion-sep-clear\"><\/div><div class=\"fusion-clearfix\"><\/div><\/div><\/div><\/div><\/div><div class=\"fusion-fullwidth fullwidth-box fusion-builder-row-2 nonhundred-percent-fullwidth non-hundred-percent-height-scrolling\" style=\"background-color: #ffffff;background-position: center center;background-repeat: no-repeat;padding-top:0px;padding-right:0px;padding-bottom:0px;padding-left:0px;margin-bottom: 0px;margin-top: 0px;border-width: 0px 0px 0px 0px;border-color:#eae9e9;border-style:solid;\" ><div class=\"fusion-builder-row fusion-row\"><div class=\"fusion-layout-column fusion_builder_column fusion-builder-column-3 fusion_builder_column_1_6 1_6 fusion-one-sixth fusion-column-first\" style=\"width:16.666666666667%;width:calc(16.666666666667% - ( ( 4% ) * 0.16666666666667 ) );margin-right: 4%;margin-top:0px;margin-bottom:20px;\"><div class=\"fusion-column-wrapper fusion-flex-column-wrapper-legacy\" style=\"background-position:left top;background-repeat:no-repeat;-webkit-background-size:cover;-moz-background-size:cover;-o-background-size:cover;background-size:cover;padding: 0px 0px 0px 0px;\"><span class=\" fusion-imageframe imageframe-none imageframe-2 hover-type-none\"><img width=\"248\" image_height=\"842\" image_id=\"11950\" title=\"EB-Design-Signatur\" src=\"https:\/\/neu.welten-verbinden.at\/wp-content\/uploads\/2018\/03\/EB-Design-Signatur.png\" class=\"img-responsive wp-image-11950\" srcset=\"https:\/\/www.welten-verbinden.at\/wp-content\/uploads\/2018\/03\/EB-Design-Signatur-200x679.png 200w, https:\/\/www.welten-verbinden.at\/wp-content\/uploads\/2018\/03\/EB-Design-Signatur.png 248w\" sizes=\"(max-width: 800px) 100vw, 200px\" \/><\/span><div class=\"fusion-clearfix\"><\/div><\/div><\/div><div class=\"fusion-layout-column fusion_builder_column fusion-builder-column-4 fusion_builder_column_5_6 5_6 fusion-five-sixth fusion-column-last\" style=\"width:83.333333333333%;width:calc(83.333333333333% - ( ( 4% ) * 0.83333333333333 ) );margin-top:0px;margin-bottom:20px;\"><div class=\"fusion-column-wrapper fusion-flex-column-wrapper-legacy\" style=\"background-position:left top;background-repeat:no-repeat;-webkit-background-size:cover;-moz-background-size:cover;-o-background-size:cover;background-size:cover;padding: 0px 0px 0px 0px;\"><div class=\"fusion-text fusion-text-3\"><h3><b>Grafische Konzeption und Gestaltung\u00a0<\/b><\/h3>\n<p>eb DESIGN<\/p>\n<p>CREATION \u00b7 CONCEPT \u00b7 GRAPHICS<\/p>\n<p>Erich Bauer<\/p>\n<p>Ringstra\u00dfe 30<\/p>\n<p>9020 Klagenfurt\u00a0am W\u00f6rthersee<\/p>\n<p>M: +43\/660\/3779688<\/p>\n<p><a href=\"mailto:design@erich-bauer.at\"><b>design@erich-bauer.at<\/b><\/a><b>\u00a0<\/b><\/p>\n<p><a href=\"http:\/\/www.design.erich-bauer.at\"><b>www.design.erich-bauer.at<\/b><\/a><\/p>\n<\/div><div class=\"fusion-clearfix\"><\/div><\/div><\/div><\/div><\/div><\/p>\n","protected":false},"excerpt":{"rendered":"","protected":false},"author":3,"featured_media":0,"parent":0,"menu_order":0,"comment_status":"closed","ping_status":"closed","template":"","meta":[],"yoast_head":"<!-- This site is optimized with the Yoast SEO plugin v14.8 - https:\/\/yoast.com\/wordpress\/plugins\/seo\/ -->\n<title>Impressum - welten-verbinden<\/title>\n<meta name=\"robots\" content=\"index, follow\" \/>\n<meta name=\"googlebot\" content=\"index, follow, max-snippet:-1, max-image-preview:large, max-video-preview:-1\" \/>\n<meta name=\"bingbot\" content=\"index, follow, max-snippet:-1, max-image-preview:large, max-video-preview:-1\" \/>\n<link rel=\"canonical\" href=\"https:\/\/www.welten-verbinden.at\/start2018\/impressum\/\" \/>\n<meta property=\"og:locale\" content=\"de_DE\" \/>\n<meta property=\"og:type\" content=\"article\" \/>\n<meta property=\"og:title\" content=\"Impressum - welten-verbinden\" \/>\n<meta property=\"og:url\" content=\"https:\/\/www.welten-verbinden.at\/start2018\/impressum\/\" \/>\n<meta property=\"og:site_name\" content=\"welten-verbinden\" \/>\n<meta property=\"article:modified_time\" content=\"2018-03-27T10:06:07+00:00\" \/>\n<meta name=\"twitter:card\" content=\"summary_large_image\" \/>\n<script type=\"application\/ld+json\" class=\"yoast-schema-graph\">{\"@context\":\"https:\/\/schema.org\",\"@graph\":[{\"@type\":\"WebSite\",\"@id\":\"https:\/\/www.welten-verbinden.at\/start2018\/#website\",\"url\":\"https:\/\/www.welten-verbinden.at\/start2018\/\",\"name\":\"welten-verbinden\",\"description\":\"\",\"potentialAction\":[{\"@type\":\"SearchAction\",\"target\":\"https:\/\/www.welten-verbinden.at\/start2018\/?s={search_term_string}\",\"query-input\":\"required name=search_term_string\"}],\"inLanguage\":\"de\"},{\"@type\":\"WebPage\",\"@id\":\"https:\/\/www.welten-verbinden.at\/start2018\/impressum\/#webpage\",\"url\":\"https:\/\/www.welten-verbinden.at\/start2018\/impressum\/\",\"name\":\"Impressum - welten-verbinden\",\"isPartOf\":{\"@id\":\"https:\/\/www.welten-verbinden.at\/start2018\/#website\"},\"datePublished\":\"2018-03-23T16:22:51+00:00\",\"dateModified\":\"2018-03-27T10:06:07+00:00\",\"inLanguage\":\"de\",\"potentialAction\":[{\"@type\":\"ReadAction\",\"target\":[\"https:\/\/www.welten-verbinden.at\/start2018\/impressum\/\"]}]}]}<\/script>\n<!-- \/ Yoast SEO plugin. -->","_links":{"self":[{"href":"https:\/\/www.welten-verbinden.at\/start2018\/wp-json\/wp\/v2\/pages\/11460"}],"collection":[{"href":"https:\/\/www.welten-verbinden.at\/start2018\/wp-json\/wp\/v2\/pages"}],"about":[{"href":"https:\/\/www.welten-verbinden.at\/start2018\/wp-json\/wp\/v2\/types\/page"}],"author":[{"embeddable":true,"href":"https:\/\/www.welten-verbinden.at\/start2018\/wp-json\/wp\/v2\/users\/3"}],"replies":[{"embeddable":true,"href":"https:\/\/www.welten-verbinden.at\/start2018\/wp-json\/wp\/v2\/comments?post=11460"}],"version-history":[{"count":5,"href":"https:\/\/www.welten-verbinden.at\/start2018\/wp-json\/wp\/v2\/pages\/11460\/revisions"}],"predecessor-version":[{"id":13136,"href":"https:\/\/www.welten-verbinden.at\/start2018\/wp-json\/wp\/v2\/pages\/11460\/revisions\/13136"}],"wp:attachment":[{"href":"https:\/\/www.welten-verbinden.at\/start2018\/wp-json\/wp\/v2\/media?parent=11460"}],"curies":[{"name":"wp","href":"https:\/\/api.w.org\/{rel}","templated":true}]}}

<p><div class="fusion-fullwidth fullwidth-box fusion-builder-row-1 nonhundred-percent-fullwidth non-hundred-percent-height-scrolling" style="background-color: #ffffff;background-position: center center;background-repeat: no-repeat;padding-top:0px;padding-right:0px;padding-bottom:0px;padding-left:0px;margin-bottom: 0px;margin-top: 0px;border-width: 0px 0px 0px 0px;border-color:#eae9e9;border-style:solid;" ><div class="fusion-builder-row fusion-row"><div class="fusion-layout-column fusion_builder_column fusion-builder-column-0 fusion_builder_column_2_3 2_3 fusion-two-third fusion-column-first" style="width:66.666666666667%;width:calc(66.666666666667% - ( ( 4% ) * 0.66666666666667 ) );margin-right: 4%;margin-top:0px;margin-bottom:20px;"><div class="fusion-column-wrapper fusion-flex-column-wrapper-legacy" style="background-position:left top;background-repeat:no-repeat;-webkit-background-size:cover;-moz-background-size:cover;-o-background-size:cover;background-size:cover;padding: 0px 0px 0px 0px;"><div class="fusion-text fusion-text-1"><h1><b>Impressum</b></h1>
<h2><b>Medieninhaber und Copyright dieser Website:</b></h2>
<h3><b>Roland Jaritz</b></h3>
<p>Lexergasse 6 | 9020 Klagenfurt am Wörthersee</p>
<p>Roland Jaritz: +43(0)664 /20 52 685</p>
<p>e-mail:<a href="mailto:roland.jaritz@welten-verbinden.at?subject=">roland.jaritz@welten-verbinden.at</a></p>
<h3></h3>
<h3></h3>
</div><div class="fusion-clearfix"></div></div></div><div class="fusion-layout-column fusion_builder_column fusion-builder-column-1 fusion_builder_column_1_3 1_3 fusion-one-third fusion-column-last" style="width:33.333333333333%;width:calc(33.333333333333% - ( ( 4% ) * 0.33333333333333 ) );margin-top:0px;margin-bottom:20px;"><div class="fusion-column-wrapper fusion-flex-column-wrapper-legacy" style="background-position:left top;background-repeat:no-repeat;-webkit-background-size:cover;-moz-background-size:cover;-o-background-size:cover;background-size:cover;padding: 0px 0px 0px 0px;"><span class=" fusion-imageframe imageframe-none imageframe-1 hover-type-none"><img width="1024" image_height="645" image_id="11053" title="welten-verbinden_-Logo01" src="https://neu.welten-verbinden.at/wp-content/uploads/2018/03/welten-verbinden_-Logo01-1024x645.png" class="img-responsive wp-image-11053" srcset="https://www.welten-verbinden.at/wp-content/uploads/2018/03/welten-verbinden_-Logo01-200x126.png 200w, https://www.welten-verbinden.at/wp-content/uploads/2018/03/welten-verbinden_-Logo01-400x252.png 400w, https://www.welten-verbinden.at/wp-content/uploads/2018/03/welten-verbinden_-Logo01-600x378.png 600w, https://www.welten-verbinden.at/wp-content/uploads/2018/03/welten-verbinden_-Logo01-800x504.png 800w, https://www.welten-verbinden.at/wp-content/uploads/2018/03/welten-verbinden_-Logo01-1200x756.png 1200w, https://www.welten-verbinden.at/wp-content/uploads/2018/03/welten-verbinden_-Logo01.png 1922w" sizes="(max-width: 800px) 100vw, 400px" /></span><div class="fusion-clearfix"></div></div></div><div class="fusion-layout-column fusion_builder_column fusion-builder-column-2 fusion_builder_column_1_1 1_1 fusion-one-full fusion-column-first fusion-column-last" style="margin-top:0px;margin-bottom:20px;"><div class="fusion-column-wrapper fusion-flex-column-wrapper-legacy" style="background-position:left top;background-repeat:no-repeat;-webkit-background-size:cover;-moz-background-size:cover;-o-background-size:cover;background-size:cover;padding: 0px 0px 0px 0px;"><div class="fusion-sep-clear"></div><div class="fusion-separator fusion-full-width-sep" style="margin-left: auto;margin-right: auto;width:100%;"><div class="fusion-separator-border sep-single sep-solid" style="border-color:#e0dede;border-top-width:1px;"></div></div><div class="fusion-sep-clear"></div><div class="fusion-text fusion-text-2"><h3><b>Herzlich willkommen! </b></h3>
<p>Ich freue mich, dass Sie meine Webseite besuchen und bedanke mich für Ihr Interesse. Der Schutz Ihrer Privatsphäre bei der Nutzung der Webseiten ist mir wichtig. Daher nehmen Sie bitte nachstehende Informationen zur Kenntnis:</p>
<h4><b>Externe Links</b></h4>
<p>Zu Ihrer weiteren Information finden Sie auf diesen Seiten Links, die auf Seiten Dritter verweisen. Soweit diese nicht offensichtlich erkennbar sind, weise ich Sie darauf hin, dass es sich um einen externen Link handelt. Ich habe keinerlei Einfluss auf den Inhalt und die Gestaltung dieser Seiten anderer Anbieter. Es handelt sich um bewusst gewählte Seiten und Inhalte, zu denen ich zum Zeitpunkt der Veröffentlichung des Links auf meinen Seiten uneingeschränkt stehe. Die Garantien der oben gegeben Datenschutzerklärung können dort jedoch nicht gelten.</p>
<h4><b>Haftungsausschluss</b></h4>
<p>Ich übernehme keine Gewähr für die Aktualität, Korrektheit, Vollständigkeit oder Qualität der bereitgestellten Informationen. Haftungsansprüche gegen mich, welche sich auf Schäden materieller oder ideeller Art beziehen, die durch die Nutzung oder Nichtnutzung der dargebotenen Informationen bzw. durch die Nutzung fehlerhafter und unvollständiger Informationen verursacht wurden, sind grundsätzlich ausgeschlossen.</p>
<h4><b>Für den Inhalt verantwortlich &amp; Copyright © 2017</b></h4>
<p><b>Roland Jaritz</b></p>
<p>Alle Rechte vorbehalten.</p>
</div><div class="fusion-sep-clear"></div><div class="fusion-separator fusion-full-width-sep" style="margin-left: auto;margin-right: auto;width:100%;"><div class="fusion-separator-border sep-single sep-solid" style="border-color:#e0dede;border-top-width:1px;"></div></div><div class="fusion-sep-clear"></div><div class="fusion-clearfix"></div></div></div></div></div><div class="fusion-fullwidth fullwidth-box fusion-builder-row-2 nonhundred-percent-fullwidth non-hundred-percent-height-scrolling" style="background-color: #ffffff;background-position: center center;background-repeat: no-repeat;padding-top:0px;padding-right:0px;padding-bottom:0px;padding-left:0px;margin-bottom: 0px;margin-top: 0px;border-width: 0px 0px 0px 0px;border-color:#eae9e9;border-style:solid;" ><div class="fusion-builder-row fusion-row"><div class="fusion-layout-column fusion_builder_column fusion-builder-column-3 fusion_builder_column_1_6 1_6 fusion-one-sixth fusion-column-first" style="width:16.666666666667%;width:calc(16.666666666667% - ( ( 4% ) * 0.16666666666667 ) );margin-right: 4%;margin-top:0px;margin-bottom:20px;"><div class="fusion-column-wrapper fusion-flex-column-wrapper-legacy" style="background-position:left top;background-repeat:no-repeat;-webkit-background-size:cover;-moz-background-size:cover;-o-background-size:cover;background-size:cover;padding: 0px 0px 0px 0px;"><span class=" fusion-imageframe imageframe-none imageframe-2 hover-type-none"><img width="248" image_height="842" image_id="11950" title="EB-Design-Signatur" src="https://neu.welten-verbinden.at/wp-content/uploads/2018/03/EB-Design-Signatur.png" class="img-responsive wp-image-11950" srcset="https://www.welten-verbinden.at/wp-content/uploads/2018/03/EB-Design-Signatur-200x679.png 200w, https://www.welten-verbinden.at/wp-content/uploads/2018/03/EB-Design-Signatur.png 248w" sizes="(max-width: 800px) 100vw, 200px" /></span><div class="fusion-clearfix"></div></div></div><div class="fusion-layout-column fusion_builder_column fusion-builder-column-4 fusion_builder_column_5_6 5_6 fusion-five-sixth fusion-column-last" style="width:83.333333333333%;width:calc(83.333333333333% - ( ( 4% ) * 0.83333333333333 ) );margin-top:0px;margin-bottom:20px;"><div class="fusion-column-wrapper fusion-flex-column-wrapper-legacy" style="background-position:left top;background-repeat:no-repeat;-webkit-background-size:cover;-moz-background-size:cover;-o-background-size:cover;background-size:cover;padding: 0px 0px 0px 0px;"><div class="fusion-text fusion-text-3"><h3><b>Grafische Konzeption und Gestaltung </b></h3>
<p>eb DESIGN</p>
<p>CREATION · CONCEPT · GRAPHICS</p>
<p>Erich Bauer</p>
<p>Ringstraße 30</p>
<p>9020 Klagenfurt am Wörthersee</p>
<p>M: +43/660/3779688</p>
<p><a href="mailto:design@erich-bauer.at"><b>design@erich-bauer.at</b></a><b> </b></p>
<p><a href="http://www.design.erich-bauer.at"><b>www.design.erich-bauer.at</b></a></p>
</div><div class="fusion-clearfix"></div></div></div></div></div></p>
